in base 13?
1a
Convert -34 (base 10) to base 6.
-54
What is 0 (base 11) in base 6?
0
Convert 67 (base 11) to base 10.
73
Convert -11 (base 2) to base 5.
-3
What is -5a (base 11) in base 7?
-122
Convert 33 (base 12) to base 13.
30
Convert 222 (base 3) to base 15.
1b
What is -10 (base 5) in base 9?
-5
33 (base 7) to base 3
220
Convert 193 (base 14) to base 2.
101000101
Convert -6 (base 15) to base 10.
-6
What is 20 (base 3) in base 4?
12
Convert 1 (base 8) to base 9.
1
201 (base 4) to base 2
100001
Convert 10 (base 3) to base 2.
11
Convert 11 (base 11) to base 10.
12
What is 16 (base 14) in base 10?
20
Convert 4 (base 14) to base 11.
4
-6e (base 15) to base 5
-404
300 (base 5) to base 11
69
Convert -6a (base 14) to base 15.
-64
Convert -15 (base 6) to base 12.
-b
What is 8 (base 10) in base 7?
11
What is -133 (base 8) in base 14?
-67
10 (base 2) to base 7
2
What is 21 (base 14) in base 11?
27
1 (base 10) to base 15
1
What is -230 (base 4) in base 12?
-38
3 (base 15) to base 7
3
Convert -3 (base 15) to base 14.
-3
What is -18 (base 11) in base 8?
-23
What is -112 (base 3) in base 4?
-32
What is 110 (base 2) in base 9?
6
Convert -3 (base 8) to base 7.
-3
What is 5 (base 13) in base 3?
12
What is -11110 (base 2) in base 11?
-28
Convert -1 (base 3) to base 15.
-1
What is -1e (base 15) in base 10?
-29
33 (base 16) to base 3
1220
What is 0 (base 11) in base 14?
0
1 (base 3) to base 9
1
Convert 1 (base 8) to base 9.
1
Convert 55 (base 10) to base 3.
2001
Convert d (base 16) to base 9.
14
Convert 0 (base 7) to base 5.
0
Convert -1312 (base 4) to base 3.
-11101
What is 12 (base 9) in base 4?
23
What is 2a (base 16) in base 12?
36
What is 33 (base 8) in base 13?
21
Convert -25 (base 13) to base 3.
-1011
Convert -29 (base 14) to base 16.
-25
-5 (base 8) to base 13
-5
Convert -2 (base 5) to base 8.
-2
What is -136 (base 7) in base 14?
-56
1 (base 9) to base 5
1
Convert 4 (base 13) to base 8.
4
Convert -121 (base 3) to base 5.
-31
296 (base 10) to base 4
10220
What is 101 (base 2) in base 14?
5
Convert -1 (base 15) to base 6.
-1
What is 46 (base 8) in base 9?
42
What is 1 (base 9) in base 2?
1
What is 13 (base 16) in base 2?
10011
What is -4 (base 9) in base 13?
-4
-15 (base 8) to base 5
-23
What is -10202 (base 3) in base 6?
-245
What is 4 (base 12) in base 2?
100
Convert -11101 (base 2) to base 8.
-35
Convert 4 (base 9) to base 5.
4
What is -10 (base 13) in base 4?
-31
Convert -14 (base 6) to base 2.
-1010
Convert -18 (base 13) to base 12.
-19
78 (base 12) to base 11
84
Convert -6 (base 7) to base 5.
-11
What is -4 (base 7) in base 16?
-4
Convert 45 (base 11) to base 7.
100
Convert 121 (base 3) to base 11.
15
What is -7 (base 8) in base 16?
-7
What is 201 (base 4) in base 11?
30
Convert -2 (base 14) to base 2.
-10
Convert -7 (base 13) to base 5.
-12
What is -112 (base 7) in base 11?
-53
What is 100 (base 6) in base 5?
121
1343 (base 5) to base 15
ed
Convert 20 (base 3) to base 15.
6
What is -6 (base 7) in base 3?
-20
Convert 1 (base 9) to base 4.
1
1101011 (base 2) to base 11
98
Convert 1 (base 3) to base 14.
1
-443 (base 5) to base 4
-1323
-10 (base 12) to base 6
-20
Convert -20 (base 3) to base 2.
-110
-66 (base 8) to base 2
-110110
What is 100 (base 7) in base 13?
3a
-2 (base 15) to base 12
-2
-2010 (base 4) to base 15
-8c
24 (base 10) to base 16
18
4b (base 14) to base 6
151
Convert 0 (base 16) to base 13.
0
What is -14 (base 9) in base 10?
-13
13 (base 8) to base 7
14
Convert 12212 (base 3) to base 9.
185
Convert 7 (base 8) to base 16.
7
Convert 1023 (base 5) to base 15.
93
112 (base 6) to base 10
44
Convert 52 (base 13) to base 16.
43
-40 (base 10) to base 16
-28
Convert -33 (base 8) to base 11.
-25
What is 8 (base 12) in base 4?
20
-4 (base 9) to base 2
-100
What is -24 (base 9) in base 15?
-17
What is -5 (base 7) in base 11?
-5
Convert 9 (base 11) to base 4.
21
27 (base 13) to base 11
30
Convert -40 (base 14) to base 11.
-51
Convert -213 (base 4) to base 2.
-100111
-310 (base 4) to base 10
-52
What is 1 (base 16) in base 10?
1
23 (base 12) to base 13
21
Convert -113 (base 4) to base 16.
-17
What is -112 (base 9) in base 14?
-68
Convert -231 (base 6) to base 9.
-111
-76 (base 8) to base 4
-332
-a (base 13) to base 14
-a
What is -1c (base 15) in base 12?
-23
1 (base 9) to base 3
1
-1 (base 15) to base 9
-1
Convert 14 (base 12) to base 16.
10
11 (base 12) to base 8
15
What is 24 (base 8) in base 2?
10100
Convert -8 (base 13) to base 10.
-8
What is 1001110 (base 2) in base 10?
78
What is -11010 (base 2) in base 8?
-32
Convert 0 (base 4) to base 8.
0
1200 (base 3) to base 15
30
172 (base 8) to base 15
82
Convert a (base 16) to base 11.
a
Convert 5 (base 13) to base 4.
11
0 (base 16) to base 7
0
Convert 11 (base 4) to base 8.
5
What is 532 (base 8) in base 14?
1aa
What is -3 (base 15) in base 14?
-3
-6a (base 13) to base 12
-74
What is 11 (base 2) in base 16?
3
Convert 5 (base 11) to base 5.
10
-4 (base 5) to base 10
-4
13 (base 11) to base 15
e
-14 (base 7) to base 10
-11
Convert 1013 (base 4) to base 3.
2122
Convert -1 (base 2) to base 11.
-1
0 (base 9) to base 2
0
7 (base 14) to base 4
13
0 (base 3) to base 6
0
42 (base 5) to base 7
31
Convert -232 (base 5) to base 9.
-74
80 (base 13) to base 15
6e
What is -1 (base 15) in base 2?
-1
What is 0 (base 3) in base 13?
0
What is 1022 (base 4) in base 15?
4e
-10 (base 10) to base 12
-a
What is -6 (base 16) in base 15?
-6
What is -13 (base 12) in base 7?
-21
What is 4 (base 14) in base 9?
4
Convert 3 (base 13) to base 7.
3
-3 (base 13) to base 2
-11
What is 1 (base 6) in base 14?
1
What is -7 (base 10) in base 8?
-7
What is -2 (base 15) in base 10?
-2
Convert -11 (base 10) to base 16.
-b
What is -3 (base 12) in base 14?
-3
Convert -14 (base 10) to base 2.
-1110
-6 (base 12) to base 13
-6
-2 (base 3) to base 7
-2
-3 (base 8) to base 2
-11
-35 (base 9) to base 5
-112
What is 111 (base 2) in base 14?
7
Convert -1 (base 9) to base 12.
-1
-a (base 13) to base 8
-12
Convert -19 (base 12) to base 13.
-18
-33 (base 5) to base 14
-14
Convert 1010 (base 3) to base 10.
30
What is -10110 (base 2) in base 3?
-211
What is -2 (base 12) in base 14?
-2
Convert -27 (base 9) to base 11.
-23
Convert -1a (base 11) to base 4.
-111
200 (base 4) to base 5
112
131 (base 4) to base 3
1002
What is -8 (base 12) in base 7?
-11
What is -1100110 (base 2) in base 3?
-10210
What is -10010001 (base 2) in base 4?
-2101
What is -121 (base 8) in base 12?
-69
-24 (base 13) to base 8
-36
What is 8 (base 14) in base 5?
13
Convert 100100 (base 2) to base 15.
26
Convert -1000 (base 5) to base 2.
-1111101
What is 0 (base 6) in base 3?
0
What is -1 (base 11) in base 15?
-1
2022 (base 4) to base 16
8a
-10 (base 14) to base 15
-e
What is 1 (base 5) in base 16?
1
-2 (base 13) to base 4
-2
What is 0 (base 14) in base 3?
0
2 (base 7) to base 15
2
-40 (base 6) to base 8
-30
10 (base 15) to base 6
23
Convert 1 (base 2) to base 7.
1
Convert 2 (base 8) to base 10.
2
What is 30 (base 5) in base 11?
14
Convert 24 (base 6) to base 7.
22
0 (base 13) to base 14
0
What is 3c (base 14) in base 10?
54
Convert -249 (base 12) to base 13.
-207
22 (base 9) to base 14
16
What is -96 (base 12) in base 11?
-a4
What is 12 (base 6) in base 12?
8
What is 12 (base 14) in base 6?
24
6 (base 14) to base 2
110
Convert -240 (base 6) to base 13.
-75
2a (base 16) to base 11
39
Convert -14 (base 8) to base 14.
-c
What is -e9 (base 16) in base 12?
-175
-111 (base 2) to base 16
-7
2 (base 6) to base 4
2
Convert a (base 13) to base 15.
a
What is -11 (base 2) in base 11?
-3
3 (base 15) to base 7
3
2 (base 14) to base 9
2
Convert 1a (base 12) to base 16.
16
-2002 (base 3) to base 10
-56
What is -1 (base 13) in base 16?
-1
What is -102 (base 5) in base 13?
-21
-1 (base 5) to base 2
-1
-a (base 13) to base 6
-14
1 (base 8) to base 5
1
5a (base 14) to base 8
120
42 (base 6) to base 16
1a
164 (base 7) to base 4
1133
0 (base 10) to base 2
0
What is -33 (base 6) in base 14?
-17
2b (base 12) to base 5
120
-28 (base 11) to base 6
-50
-343 (base 5) to base 4
-1202
What is -4 (base 5) in base 3?
-11
Convert -2b (base 12) to base 9.
-38
What is -7 (base 10) in base 9?
-7
Convert 117 (base 9) to base 16.
61
What is -112 (base 5) in base 15?
-22
Convert 11 (base 3) to base 12.
4
-65 (base 10) to bas